{"id":36,"date":"2020-06-14T06:46:59","date_gmt":"2020-06-14T06:46:59","guid":{"rendered":"https:\/\/herzsport-nt.de\/?page_id=36"},"modified":"2020-07-19T09:07:26","modified_gmt":"2020-07-19T09:07:26","slug":"medizinische-betretung","status":"publish","type":"page","link":"https:\/\/herzsport-nt.de\/?page_id=36","title":{"rendered":"Medizinische Betreuung"},"content":{"rendered":"\t\t<div data-elementor-type=\"wp-page\" data-elementor-id=\"36\" class=\"elementor elementor-36\">\n\t\t\t\t\t\t<section class=\"elementor-section elementor-top-section elementor-element elementor-element-72f52bb elementor-section-boxed elementor-section-height-default elementor-section-height-default\" data-id=\"72f52bb\" data-element_type=\"section\" data-e-type=\"section\">\n\t\t\t\t\t\t<div class=\"elementor-container elementor-column-gap-default\">\n\t\t\t\t\t<div class=\"elementor-column elementor-col-50 elementor-top-column elementor-element elementor-element-7bce183\" data-id=\"7bce183\" data-element_type=\"column\" data-e-type=\"column\">\n\t\t\t<div class=\"elementor-widget-wrap elementor-element-populated\">\n\t\t\t\t\t\t<div class=\"elementor-element elementor-element-0b35633 elementor-widget elementor-widget-image\" data-id=\"0b35633\" data-element_type=\"widget\" data-e-type=\"widget\" data-widget_type=\"image.default\">\n\t\t\t\t<div class=\"elementor-widget-container\">\n\t\t\t\t\t\t\t\t\t\t\t\t\t\t\t<img fetchpriority=\"high\" decoding=\"async\" width=\"768\" height=\"1024\" src=\"https:\/\/herzsport-nt.de\/wp-content\/uploads\/2020\/07\/Herzsport-Sani2-768x1024.jpg\" class=\"attachment-large size-large wp-image-231\" alt=\"\" srcset=\"https:\/\/herzsport-nt.de\/wp-content\/uploads\/2020\/07\/Herzsport-Sani2-768x1024.jpg 768w, https:\/\/herzsport-nt.de\/wp-content\/uploads\/2020\/07\/Herzsport-Sani2-225x300.jpg 225w, https:\/\/herzsport-nt.de\/wp-content\/uploads\/2020\/07\/Herzsport-Sani2-1152x1536.jpg 1152w, https:\/\/herzsport-nt.de\/wp-content\/uploads\/2020\/07\/Herzsport-Sani2-1536x2048.jpg 1536w, https:\/\/herzsport-nt.de\/wp-content\/uploads\/2020\/07\/Herzsport-Sani2-rotated.jpg 1732w\" sizes=\"(max-width: 768px) 100vw, 768px\" \/>\t\t\t\t\t\t\t\t\t\t\t\t\t\t\t<\/div>\n\t\t\t\t<\/div>\n\t\t\t\t\t<\/div>\n\t\t<\/div>\n\t\t\t\t<div class=\"elementor-column elementor-col-50 elementor-top-column elementor-element elementor-element-ef157bc\" data-id=\"ef157bc\" data-element_type=\"column\" data-e-type=\"column\">\n\t\t\t<div class=\"elementor-widget-wrap elementor-element-populated\">\n\t\t\t\t\t\t<div class=\"elementor-element elementor-element-597f606 elementor-widget elementor-widget-text-editor\" data-id=\"597f606\" data-element_type=\"widget\" data-e-type=\"widget\" data-widget_type=\"text-editor.default\">\n\t\t\t\t<div class=\"elementor-widget-container\">\n\t\t\t\t\t\t\t\t\t<h1 style=\"text-align: left;\">Medizinische Betreuung im Herzsport N\u00fcrtingen e.V.<\/h1><h4>Unter der Leitung unseres Vorstandsmitglieds, Fr. Dr. Herkommer, kann der Herzsport N\u00fcrtingen e.V. auf ein \u00c4rzte-Team von 15 Medizinern aus N\u00fcrtingen und Umgebung bauen. An jedem \u00dcbungsabend ist ein Arzt als Aufsicht und zur \u00e4rztlichen Beratung anwesend.<\/h4><h4>Des Weiteren unterst\u00fctzt uns jeden Dienstag unser Sanit\u00e4ter, Rolf Eisenmann, der seit fast 40 Jahren den Herzsport in N\u00fcrtingen begleitet.<\/h4><h4>Unsere Notfallausr\u00fcstung besteht aus einem Defibrillator mit EKG-Ger\u00e4t, zwei mobilen AEDs sowie einem Notfallkoffer mit Medikamenten und wichtigen Utensilien. Sie wird regelm\u00e4\u00dfig \u00fcberpr\u00fcft.<\/h4>\t\t\t\t\t\t\t\t<\/div>\n\t\t\t\t<\/div>\n\t\t\t\t\t<\/div>\n\t\t<\/div>\n\t\t\t\t\t<\/div>\n\t\t<\/section>\n\t\t\t\t<\/div>\n\t\t","protected":false},"excerpt":{"rendered":"<p>Medizinische Betreuung im Herzsport N\u00fcrtingen e.V. Unter der Leitung unseres Vorstandsmitglieds, Fr. Dr. Herkommer, kann der Herzsport N\u00fcrtingen e.V. auf ein \u00c4rzte-Team von 15 Medizinern aus N\u00fcrtingen und Umgebung bauen. An jedem \u00dcbungsabend ist ein Arzt als Aufsicht und zur \u00e4rztlichen Beratung anwesend. Des Weiteren unterst\u00fctzt uns jeden Dienstag unser Sanit\u00e4ter, Rolf Eisenmann, der seit [&hellip;]<\/p>\n","protected":false},"author":1,"featured_media":0,"parent":0,"menu_order":0,"comment_status":"closed","ping_status":"closed","template":"","meta":{"ocean_post_layout":"","ocean_both_sidebars_style":"","ocean_both_sidebars_content_width":0,"ocean_both_sidebars_sidebars_width":0,"ocean_sidebar":"0","ocean_second_sidebar":"0","ocean_disable_margins":"enable","ocean_add_body_class":"","ocean_shortcode_before_top_bar":"","ocean_shortcode_after_top_bar":"","ocean_shortcode_before_header":"","ocean_shortcode_after_header":"","ocean_has_shortcode":"","ocean_shortcode_after_title":"","ocean_shortcode_before_footer_widgets":"","ocean_shortcode_after_footer_widgets":"","ocean_shortcode_before_footer_bottom":"","ocean_shortcode_after_footer_bottom":"","ocean_display_top_bar":"default","ocean_display_header":"default","ocean_header_style":"","ocean_center_header_left_menu":"0","ocean_custom_header_template":"0","ocean_custom_logo":0,"ocean_custom_retina_logo":0,"ocean_custom_logo_max_width":0,"ocean_custom_logo_tablet_max_width":0,"ocean_custom_logo_mobile_max_width":0,"ocean_custom_logo_max_height":0,"ocean_custom_logo_tablet_max_height":0,"ocean_custom_logo_mobile_max_height":0,"ocean_header_custom_menu":"0","ocean_menu_typo_font_family":"0","ocean_menu_typo_font_subset":"","ocean_menu_typo_font_size":0,"ocean_menu_typo_font_size_tablet":0,"ocean_menu_typo_font_size_mobile":0,"ocean_menu_typo_font_size_unit":"px","ocean_menu_typo_font_weight":"","ocean_menu_typo_font_weight_tablet":"","ocean_menu_typo_font_weight_mobile":"","ocean_menu_typo_transform":"","ocean_menu_typo_transform_tablet":"","ocean_menu_typo_transform_mobile":"","ocean_menu_typo_line_height":0,"ocean_menu_typo_line_height_tablet":0,"ocean_menu_typo_line_height_mobile":0,"ocean_menu_typo_line_height_unit":"","ocean_menu_typo_spacing":0,"ocean_menu_typo_spacing_tablet":0,"ocean_menu_typo_spacing_mobile":0,"ocean_menu_typo_spacing_unit":"","ocean_menu_link_color":"","ocean_menu_link_color_hover":"","ocean_menu_link_color_active":"","ocean_menu_link_background":"","ocean_menu_link_hover_background":"","ocean_menu_link_active_background":"","ocean_menu_social_links_bg":"","ocean_menu_social_hover_links_bg":"","ocean_menu_social_links_color":"","ocean_menu_social_hover_links_color":"","ocean_disable_title":"default","ocean_disable_heading":"default","ocean_post_title":"","ocean_post_subheading":"","ocean_post_title_style":"","ocean_post_title_background_color":"","ocean_post_title_background":0,"ocean_post_title_bg_image_position":"","ocean_post_title_bg_image_attachment":"","ocean_post_title_bg_image_repeat":"","ocean_post_title_bg_image_size":"","ocean_post_title_height":0,"ocean_post_title_bg_overlay":0.5,"ocean_post_title_bg_overlay_color":"","ocean_disable_breadcrumbs":"default","ocean_breadcrumbs_color":"","ocean_breadcrumbs_separator_color":"","ocean_breadcrumbs_links_color":"","ocean_breadcrumbs_links_hover_color":"","ocean_display_footer_widgets":"default","ocean_display_footer_bottom":"default","ocean_custom_footer_template":"0","footnotes":""},"class_list":["post-36","page","type-page","status-publish","hentry","entry"],"_links":{"self":[{"href":"https:\/\/herzsport-nt.de\/index.php?rest_route=\/wp\/v2\/pages\/36","targetHints":{"allow":["GET"]}}],"collection":[{"href":"https:\/\/herzsport-nt.de\/index.php?rest_route=\/wp\/v2\/pages"}],"about":[{"href":"https:\/\/herzsport-nt.de\/index.php?rest_route=\/wp\/v2\/types\/page"}],"author":[{"embeddable":true,"href":"https:\/\/herzsport-nt.de\/index.php?rest_route=\/wp\/v2\/users\/1"}],"replies":[{"embeddable":true,"href":"https:\/\/herzsport-nt.de\/index.php?rest_route=%2Fwp%2Fv2%2Fcomments&post=36"}],"version-history":[{"count":9,"href":"https:\/\/herzsport-nt.de\/index.php?rest_route=\/wp\/v2\/pages\/36\/revisions"}],"predecessor-version":[{"id":233,"href":"https:\/\/herzsport-nt.de\/index.php?rest_route=\/wp\/v2\/pages\/36\/revisions\/233"}],"wp:attachment":[{"href":"https:\/\/herzsport-nt.de\/index.php?rest_route=%2Fwp%2Fv2%2Fmedia&parent=36"}],"curies":[{"name":"wp","href":"https:\/\/api.w.org\/{rel}","templated":true}]}}